ose r = 4*d, -2*d + 242 - 20 = 2*i. Calculate the highest common divisor of a and i.
22
Let w be (2794/(-22) + -22)*-17. Calculate the highest common factor of 1341 and w.
149
Let u(v) = -v**2 + 9*v + 3. Let l = 28 + -21. Let x be u(l). Let h be (-7)/((-119)/865) - (-2)/17. What is the greatest common factor of h and x?
17
Suppose 3*z + 484 = -z - 3*v, 2*z = 2*v - 256. Let w = 131 + z. What is the greatest common factor of 224 and w?
7
Let m = -108 + 192. Let l = -65 + m. Suppose 168 + 41 = c. What is the highest common factor of c and l?
19
Let d be (-4)/(-6) + (-19)/(-3). Let y(f) = -113*f + 3326. Let q be y(29). Calculate the greatest common divisor of q and d.
7
Suppose -4*x + 730 = 3*h + 686, 3*x - 8 = 4*h. Calculate the greatest common divisor of 664 and x.
8
Suppose -3*z + 4*f + 6780 = 0, 189*z = 190*z - 3*f - 2250. What is the greatest common divisor of 5040 and z?
252
Suppose 30 = 2*p - 0*p - 5*j, -5*p + j + 29 = 0. Let r be 1*((-10)/(-2))/p. Suppose 49 - 13 = 4*b. Calculate the greatest common factor of b and r.
1
Suppose -492 = -v + 135. Suppose 14*s + v = -1907. Let h be 10/(-30) + s/(-3). Calculate the greatest common divisor of 30 and h.
30
Let c(z) be the third derivative of z**6/120 + z**5/60 - 11*z**4/24 + 2*z**3 - 21*z**2 + z. Let l be c(-4). Calculate the greatest common factor of 56 and l.
8
Let t = 3726 - 3725. Calculate the highest common factor of t and 13.
1
Let n = -385 + 215. Let z be (-30)/4*476/n. What is the greatest common factor of z and 7?
7
Let k(y) = 2*y**3 - 25*y**2 - 9*y - 9. Let o be k(13). Let q = 56 - o. Calculate the greatest common factor of q and 325.
13
Let t(b) = 3*b + 29. Let r(g) = -g**2 - 9*g + 2. Let i be r(-10). Let w be t(i). Let j be (-51)/(-3) - 25/w. What is the greatest common factor of j and 12?
12
Suppose -15*m - 5*m + 1040 = 0. Let r(u) = -4*u - 4 + 8 + 13*u. Let v be r(1). What is the greatest common factor of v and m?
13
Let v = -671 - -1046. Let y(o) = 270*o + 67245. Let f be y(-249). Calculate the greatest common divisor of v and f.
15
Let y = 3497 - 2395. Calculate the greatest common factor of 133 and y.
19
Let d = 192 - 194. Let p(w) = 2*w**2 + 3*w + 4. Let k be p(d). Calculate the greatest common factor of 8 and k.
2
Suppose 101*c - 24147 = -5967. What is the highest common divisor of c and 3940?
20
Let x = -163 + 77. Let g = x - -161. Let a be -11 - (12 + -22) - -26. Calculate the highest common divisor of a and g.
25
Let s = 390 - 680. Suppose -4*o = z + 2, -2*o - 5 = -2*z + 1. Let r be o/3 - s/6. Calculate the highest common factor of 32 and r.
16
Suppose -64*g - 3*s + 31 = -69*g, -3*g = 4*s + 36. Let d be (-538)/g + 231/132. Calculate the highest common divisor of 552 and d.
69
Let y = -436 + 1701. What is the highest common divisor of y and 55?
55
Let h be (-3)/9 + 1222/(-78). Let y(f) = -f**2 - 24*f - 58. Let k be y(h). What is the greatest common factor of k and 40?
10
Let x(v) = 2*v**3 - 11*v**2 + 41*v - 378. Let m be x(7). Calculate the highest common factor of m and 3052.
28
Let p(j) = -1713*j + 435. Let f be p(-5). What is the greatest common factor of 72 and f?
72
Let b(a) = -7*a**2 + 27*a + 179. Let o be b(32). Let w be ((-40)/(-14))/((-70)/o). What is the highest common divisor of 25 and w?
25
Let d be 2/(-6)*(4 + -246 + -7). Let l = d + 5. Let v be 66 + (-2 - (-6)/3). Calculate the highest common divisor of v and l.
22
Let q be (10 - 10)/(6/2). Let o(l) = l**3 - l**2 + l + 18. Let g be o(q). Calculate the highest common divisor of 54 and g.
18
Let p(a) = a**2 + 15*a + 45. Let k be p(-12). Suppose 138 = 2*j + k*t - 11*t, t + 282 = 4*j. What is the greatest common divisor of 284 and j?
71
Let g(j) = -j**3 + 15*j**2 + 57*j + 18. Suppose 0 = 11*c - 133 - 65. Let v be g(c). Calculate the highest common divisor of v and 144.
72
Let h = 3380 + -3292. Calculate the highest common divisor of 836 and h.
44
Suppose 4*u = 8*l - 3*l - 634, 0 = -5*l + u + 631. What is the highest common factor of l and 2688?
42
Suppose -9863 = 19*l - 33917. Suppose 2*h + 0*h - 624 = 2*y, 0 = 4*h + 2*y - l. Calculate the highest common factor of 180 and h.
45
Let r(c) = -c**2 - 24*c - 29. Let t be r(-22). Let z be 186/t - (-2)/(-5). What is the highest common factor of z and 18?
6
Suppose 0 = 3*a - u + 17 - 6, 0 = -2*a + 3*u + 2. Let r be (-97)/(-7) - 4*a/140. Calculate the greatest common divisor of r and 126.
14
Let r = -17919 + 19933. Calculate the highest common factor of r and 266.
38
Suppose -4*m - 2 = -2*m. Let o = m - -6. Suppose -176590*n = -176984*n + 5910. What is the greatest common factor of o and n?
5
Suppose 0 = -2*f - 2*b + 168, 2*f = -3*b - 21 + 191. What is the greatest common divisor of 8 and f?
2
Suppose 5*v = -2*f + v + 10, 10 = 2*f + 5*v. Suppose -f*n - 400 = -10*n. What is the highest common factor of 24 and n?
8
Suppose 0 = -2*h - 4*t + 94, 104 = 2*h + 254*t - 255*t. Calculate the highest common divisor of h and 9231.
51
Let x(f) = -2*f**3 + 43*f**2 - 21*f + 24. Let y be x(21). What is the highest common factor of y and 132?
12
Let f = 998 - 984. Calculate the highest common divisor of 259 and f.
7
Suppose 345 = -22*x + 17*x. Let t = x - -133. Calculate the greatest common divisor of 32 and t.
32
Suppose 2177 = 13*z + 773. What is the greatest common factor of z and 81?
27
Let n(q) = 14 - 3*q + 4*q + 4*q. Let r(t) = t**3 - 4*t**2 - 20*t + 92. Let z be r(5). Let f be n(z). Calculate the greatest common divisor of f and 9.
9
Let m be (-564*(-8)/12)/(8 + -7). Let q be (-3)/(-2)*(-94)/(-3). What is the greatest common divisor of q and m?
47
Let y be (-2)/(48/(-270)*3/4) + -5. Calculate the highest common factor of 6835 and y.
5
Let g be (23/(-46))/((-1)/4). Suppose 5*t - 9 = 4*y, g*y - 2*t + 7 = t. Suppose 0 = -y*h - 4 + 12. What is the greatest common divisor of 14 and h?
2
Suppose 45*r - 44*r - 30 = 0. Suppose -r*y + 304 = -206. What is the highest common divisor of y and 7?
1
Suppose q + 136 + 19 = 4*p, 0 = -2*q - 6. Let f = -19168 + 19472. Calculate the highest common factor of f and p.
38
Let p(n) = 15*n - 15. Let o be p(1). Suppose o = 5*c + 214 - 1149. Let q = -18 + 35. What is the greatest common factor of c and q?
17
Let t(b) = -b**2 + 16*b - 4. Let o be t(15). Suppose 4*k - 20 = 0, -4*j - 15*k + o*k = -572. What is the greatest common divisor of 92 and j?
46
Suppose -101*a + 46 + 3997 - 104 = 0. Calculate the greatest common factor of a and 15704.
13
Let c(w) = 28*w**2 + 192*w + 1180. Let o be c(-6). What is the highest common factor of o and 1147?
37
Let n = -3 + -10. Let d(r) = 2*r**2 + 8*r + 18. Let m be d(n). Let f = -137 + 173. Calculate the greatest common divisor of f and m.
36
Suppose 2*m + 5492 = 4*w, 5*m - 2986 = -5*w + 3939. What is the highest common factor of 408 and w?
51
Suppose -4*b + 156 = -2*j + j, j - 4 = 0. Suppose -o + b = o. Suppose 0 = -11*x + 10*x + w + 1, 4*w - 16 = -x. What is the greatest common factor of o and x?
4
Suppose 0 = 189*h + 15*h - 3672. Suppose 64 = -n + 3*n. Let b = n + -23. Calculate the highest common divisor of b and h.
9
Let a(w) = -w**2 - 35*w - 144. Let r be a(-7). Calculate the greatest common divisor of 884 and r.
52
Suppose 0 = -2*i - 2*i - 4, 0 = -7*p - 4*i + 30684. What is the highest common factor of p and 96?
32
Let h be (-2559)/8 + (-8 - -6)/16. Let m be ((-6)/(-4))/((-15)/h). What is the highest common factor of m and 656?
16
Let v = 80 - -24. Let u be (1 - 8/7) + (-183)/(-7). What is the highest common divisor of u and v?
26
Suppose -5*r + r = -5*d - 31, -3*r + 4*d + 24 = 0. Let k be (-10)/4*(-1 - r/20). Suppose 2*l = k*l - 40. Calculate the highest common divisor of 10 and l.
10
Suppose -o + 4*q + 56 = 0, o - 14 - 44 = 3*q. Let k(h) = h**2 - 4*h - 456. Let u be k(-20). Calculate the greatest common divisor of u and o.
8
Let d = -40221 - -40239. Let z be (-45)/4*(-1 - 23). What is the highest common divisor of d and z?
18
Let m = 598 - -549. Let p be 4/3*93/4. Calculate the greatest common divisor of p and m.
31
Let v be (39/12)/(-1 - (-15)/12). Let m(d) = -d - 14. Let j be m(-19). Suppose -j*y = -4*y - 65. What is the highest common divisor of y and v?
13
Suppose 2*y = -f + 27, 5*f - 5*y = -16 + 76. What is the greatest common divisor of f and 4250?
17
Suppose -69*m + 12573 = 3149 - 11552. What is the grea